{"id":335,"date":"2025-05-27T09:30:59","date_gmt":"2025-05-27T09:30:59","guid":{"rendered":"https:\/\/sipaywoocommerce.com\/?page_id=335"},"modified":"2025-05-27T09:58:38","modified_gmt":"2025-05-27T09:58:38","slug":"aviso-legal","status":"publish","type":"page","link":"https:\/\/sipaywoocommerce.com\/?page_id=335","title":{"rendered":"Aviso Legal"},"content":{"rendered":"\t\t<div data-elementor-type=\"wp-page\" data-elementor-id=\"335\" class=\"elementor elementor-335\" data-elementor-post-type=\"page\">\n\t\t\t\t<div class=\"elementor-element elementor-element-f1ddd4e e-flex e-con-boxed e-con e-parent\" data-id=\"f1ddd4e\" data-element_type=\"container\" data-e-type=\"container\">\n\t\t\t\t\t<div class=\"e-con-inner\">\n\t\t\t\t<div class=\"elementor-element elementor-element-6c06891 elementor-widget elementor-widget-heading\" data-id=\"6c06891\" data-element_type=\"widget\" data-e-type=\"widget\" data-widget_type=\"heading.default\">\n\t\t\t\t<div class=\"elementor-widget-container\">\n\t\t\t\t\t<h1 class=\"elementor-heading-title elementor-size-default\">Aviso Legal<\/h1>\t\t\t\t<\/div>\n\t\t\t\t<\/div>\n\t\t\t\t\t<\/div>\n\t\t\t\t<\/div>\n\t\t<div class=\"elementor-element elementor-element-c4725f7 e-flex e-con-boxed e-con e-parent\" data-id=\"c4725f7\" data-element_type=\"container\" data-e-type=\"container\">\n\t\t\t\t\t<div class=\"e-con-inner\">\n\t\t\t\t<div class=\"elementor-element elementor-element-64603f8 elementor-widget elementor-widget-text-editor\" data-id=\"64603f8\" data-element_type=\"widget\" data-e-type=\"widget\" data-widget_type=\"text-editor.default\">\n\t\t\t\t<div class=\"elementor-widget-container\">\n\t\t\t\t\t\t\t\t\t<p data-start=\"165\" data-end=\"426\">En cumplimiento con el deber de informaci\u00f3n recogido en el art\u00edculo 10 de la Ley 34\/2002, de 11 de julio, de servicios de la sociedad de la informaci\u00f3n y del comercio electr\u00f3nico, se informa a continuaci\u00f3n de los datos identificativos del titular del sitio web:<\/p><p data-start=\"428\" data-end=\"775\"><strong data-start=\"428\" data-end=\"440\">Titular:<\/strong> GoRandom S. Coop. Peque\u00f1a<br data-start=\"466\" data-end=\"469\" \/><strong data-start=\"469\" data-end=\"490\">Nombre Comercial:<\/strong> GoRandom<br data-start=\"499\" data-end=\"502\" \/><strong data-start=\"502\" data-end=\"510\">CIF:<\/strong> F95959441<br data-start=\"520\" data-end=\"523\" \/><strong data-start=\"523\" data-end=\"537\">Domicilio:<\/strong> Aula de Emprendimiento, planta baja, Zubiria Etxea, Avenida Lehendakari Aguirre 81, 48015, Bilbao, Bizkaia<br data-start=\"644\" data-end=\"647\" \/><strong data-start=\"647\" data-end=\"669\">Email de contacto:<\/strong> <a class=\"cursor-pointer\" rel=\"noopener\" data-start=\"670\" data-end=\"695\">info@sipaywoocommerce.com<\/a><br data-start=\"695\" data-end=\"698\" \/><strong data-start=\"698\" data-end=\"712\">Sitio web:<\/strong> <a class=\"\" href=\"https:\/\/sipaywoocommerce.com\/\" target=\"_new\" rel=\"noopener\" data-start=\"713\" data-end=\"775\">https:\/\/sipaywoocommerce.com\/<\/a><\/p>\t\t\t\t\t\t\t\t<\/div>\n\t\t\t\t<\/div>\n\t\t\t\t<div class=\"elementor-element elementor-element-accbac7 elementor-widget elementor-widget-heading\" data-id=\"accbac7\" data-element_type=\"widget\" data-e-type=\"widget\" data-widget_type=\"heading.default\">\n\t\t\t\t<div class=\"elementor-widget-container\">\n\t\t\t\t\t<h2 class=\"elementor-heading-title elementor-size-default\">Objeto<\/h2>\t\t\t\t<\/div>\n\t\t\t\t<\/div>\n\t\t\t\t<div class=\"elementor-element elementor-element-7eded7c elementor-widget elementor-widget-text-editor\" data-id=\"7eded7c\" data-element_type=\"widget\" data-e-type=\"widget\" data-widget_type=\"text-editor.default\">\n\t\t\t\t<div class=\"elementor-widget-container\">\n\t\t\t\t\t\t\t\t\t<p data-start=\"789\" data-end=\"986\">El presente sitio web tiene como finalidad proporcionar informaci\u00f3n sobre el plugin oficial de integraci\u00f3n de la pasarela de pago Sipay con WooCommerce, as\u00ed como permitir su adquisici\u00f3n o descarga.<\/p>\t\t\t\t\t\t\t\t<\/div>\n\t\t\t\t<\/div>\n\t\t\t\t<div class=\"elementor-element elementor-element-2a2042b elementor-widget elementor-widget-heading\" data-id=\"2a2042b\" data-element_type=\"widget\" data-e-type=\"widget\" data-widget_type=\"heading.default\">\n\t\t\t\t<div class=\"elementor-widget-container\">\n\t\t\t\t\t<h2 class=\"elementor-heading-title elementor-size-default\">Condiciones de uso<\/h2>\t\t\t\t<\/div>\n\t\t\t\t<\/div>\n\t\t\t\t<div class=\"elementor-element elementor-element-b046482 elementor-widget elementor-widget-text-editor\" data-id=\"b046482\" data-element_type=\"widget\" data-e-type=\"widget\" data-widget_type=\"text-editor.default\">\n\t\t\t\t<div class=\"elementor-widget-container\">\n\t\t\t\t\t\t\t\t\t<p data-start=\"1012\" data-end=\"1244\">Toda persona que acceda a este sitio web asume el papel de usuario, comprometi\u00e9ndose a la observancia y cumplimiento riguroso de las disposiciones aqu\u00ed dispuestas, as\u00ed como a cualquier otra disposici\u00f3n legal que fuera de aplicaci\u00f3n.<\/p><p data-start=\"1246\" data-end=\"1523\">GoRandom se reserva el derecho de modificar cualquier tipo de informaci\u00f3n que pudiera aparecer en el sitio web, sin que exista obligaci\u00f3n de preavisar o poner en conocimiento de los usuarios dichas obligaciones, entendi\u00e9ndose como suficiente con la publicaci\u00f3n en el sitio web.<\/p>\t\t\t\t\t\t\t\t<\/div>\n\t\t\t\t<\/div>\n\t\t\t\t<div class=\"elementor-element elementor-element-22aeff5 elementor-widget elementor-widget-heading\" data-id=\"22aeff5\" data-element_type=\"widget\" data-e-type=\"widget\" data-widget_type=\"heading.default\">\n\t\t\t\t<div class=\"elementor-widget-container\">\n\t\t\t\t\t<h2 class=\"elementor-heading-title elementor-size-default\">Responsabilidad<\/h2>\t\t\t\t<\/div>\n\t\t\t\t<\/div>\n\t\t\t\t<div class=\"elementor-element elementor-element-fab01c3 elementor-widget elementor-widget-text-editor\" data-id=\"fab01c3\" data-element_type=\"widget\" data-e-type=\"widget\" data-widget_type=\"text-editor.default\">\n\t\t\t\t<div class=\"elementor-widget-container\">\n\t\t\t\t\t\t\t\t\t<p data-start=\"1546\" data-end=\"1890\">GoRandom no se hace responsable de los da\u00f1os y perjuicios que se pudieran ocasionar por el uso de los contenidos del sitio web. Tampoco se hace responsable de la informaci\u00f3n y contenidos almacenados en foros, redes sociales o cualquier otro medio que permita a terceros publicar contenidos de forma independiente en la p\u00e1gina web del prestador.<\/p>\t\t\t\t\t\t\t\t<\/div>\n\t\t\t\t<\/div>\n\t\t\t\t<div class=\"elementor-element elementor-element-e84b77e elementor-widget elementor-widget-heading\" data-id=\"e84b77e\" data-element_type=\"widget\" data-e-type=\"widget\" data-widget_type=\"heading.default\">\n\t\t\t\t<div class=\"elementor-widget-container\">\n\t\t\t\t\t<h2 class=\"elementor-heading-title elementor-size-default\">Propiedad intelectual e industrial\n<\/h2>\t\t\t\t<\/div>\n\t\t\t\t<\/div>\n\t\t\t\t<div class=\"elementor-element elementor-element-015b98a elementor-widget elementor-widget-text-editor\" data-id=\"015b98a\" data-element_type=\"widget\" data-e-type=\"widget\" data-widget_type=\"text-editor.default\">\n\t\t\t\t<div class=\"elementor-widget-container\">\n\t\t\t\t\t\t\t\t\t<p data-start=\"1932\" data-end=\"2149\">El sitio web, incluyendo a t\u00edtulo enunciativo, pero no limitativo, su programaci\u00f3n, dise\u00f1o, logotipos, texto y gr\u00e1ficos, son propiedad de GoRandom o dispone de licencia o autorizaci\u00f3n expresa por parte de los autores.<\/p><p data-start=\"2151\" data-end=\"2318\">Queda prohibida su reproducci\u00f3n total o parcial, uso, explotaci\u00f3n, distribuci\u00f3n y comercializaci\u00f3n, en todo caso, sin la autorizaci\u00f3n previa y por escrito del titular.<\/p>\t\t\t\t\t\t\t\t<\/div>\n\t\t\t\t<\/div>\n\t\t\t\t<div class=\"elementor-element elementor-element-1151564 elementor-widget elementor-widget-heading\" data-id=\"1151564\" data-element_type=\"widget\" data-e-type=\"widget\" data-widget_type=\"heading.default\">\n\t\t\t\t<div class=\"elementor-widget-container\">\n\t\t\t\t\t<h2 class=\"elementor-heading-title elementor-size-default\">Legislaci\u00f3n aplicable y jurisdicci\u00f3n\n<\/h2>\t\t\t\t<\/div>\n\t\t\t\t<\/div>\n\t\t\t\t<div class=\"elementor-element elementor-element-628d6d6 elementor-widget elementor-widget-text-editor\" data-id=\"628d6d6\" data-element_type=\"widget\" data-e-type=\"widget\" data-widget_type=\"text-editor.default\">\n\t\t\t\t<div class=\"elementor-widget-container\">\n\t\t\t\t\t\t\t\t\t<p data-start=\"2362\" data-end=\"2590\">Para la resoluci\u00f3n de todas las controversias o cuestiones relacionadas con el presente sitio web o de las actividades en \u00e9l desarrolladas, ser\u00e1 de aplicaci\u00f3n la legislaci\u00f3n espa\u00f1ola, a la que se someten expresamente las partes.<\/p>\t\t\t\t\t\t\t\t<\/div>\n\t\t\t\t<\/div>\n\t\t\t\t\t<\/div>\n\t\t\t\t<\/div>\n\t\t\t\t<\/div>\n\t\t","protected":false},"excerpt":{"rendered":"<p>Aviso Legal En cumplimiento con el deber de informaci\u00f3n recogido en el art\u00edculo 10 de la Ley 34\/2002, de 11 de julio, de servicios de la sociedad de la informaci\u00f3n y del comercio electr\u00f3nico, se informa a continuaci\u00f3n de los datos identificativos del titular del sitio web: Titular: GoRandom S. Coop. Peque\u00f1aNombre Comercial: GoRandomCIF: F95959441Domicilio: [&hellip;]<\/p>\n","protected":false},"author":1,"featured_media":0,"parent":0,"menu_order":0,"comment_status":"closed","ping_status":"closed","template":"","meta":{"footnotes":""},"class_list":["post-335","page","type-page","status-publish","hentry"],"_links":{"self":[{"href":"https:\/\/sipaywoocommerce.com\/index.php?rest_route=\/wp\/v2\/pages\/335","targetHints":{"allow":["GET"]}}],"collection":[{"href":"https:\/\/sipaywoocommerce.com\/index.php?rest_route=\/wp\/v2\/pages"}],"about":[{"href":"https:\/\/sipaywoocommerce.com\/index.php?rest_route=\/wp\/v2\/types\/page"}],"author":[{"embeddable":true,"href":"https:\/\/sipaywoocommerce.com\/index.php?rest_route=\/wp\/v2\/users\/1"}],"replies":[{"embeddable":true,"href":"https:\/\/sipaywoocommerce.com\/index.php?rest_route=%2Fwp%2Fv2%2Fcomments&post=335"}],"version-history":[{"count":11,"href":"https:\/\/sipaywoocommerce.com\/index.php?rest_route=\/wp\/v2\/pages\/335\/revisions"}],"predecessor-version":[{"id":350,"href":"https:\/\/sipaywoocommerce.com\/index.php?rest_route=\/wp\/v2\/pages\/335\/revisions\/350"}],"wp:attachment":[{"href":"https:\/\/sipaywoocommerce.com\/index.php?rest_route=%2Fwp%2Fv2%2Fmedia&parent=335"}],"curies":[{"name":"wp","href":"https:\/\/api.w.org\/{rel}","templated":true}]}}